7 (base 8) to base 7
-513
Convert -90c6 (base 14) to base 4.
-12010212
What is -1304 (base 10) in base 4?
-110120
2318 (base 13) to base 14
1b18
What is 440 (base 6) in base 7?
330
-1715 (base 8) to base 6
-4301
-689 (base 10) to base 12
-495
1160 (base 10) to base 7
3245
What is 38b (base 16) in base 12?
637
What is -1046 (base 8) in base 15?
-26a
-3310 (base 5) to base 13
-290
-1413 (base 6) to base 9
-450
Convert -30200 (base 4) to base 16.
-320
Convert -23300 (base 4) to base 10.
-752
What is 4544 (base 8) in base 5?
34104
Convert 1425 (base 7) to base 15.
273
What is -14766 (base 13) in base 7?
-220404
What is -32444 (base 5) in base 4?
-203021
Convert -d90 (base 15) to base 2.
-101111110100
What is -1402 (base 8) in base 2?
-1100000010
What is 657 (base 8) in base 7?
1154
What is -8001 (base 13) in base 3?
-220010000
What is -551 (base 15) in base 16?
-4b1
-111011111001 (base 2) to base 13
-198b
Convert -91 (base 14) to base 2.
-1111111
What is 381 (base 13) in base 11?
507
What is -100101111 (base 2) in base 8?
-457
What is -893 (base 10) in base 12?
-625
What is 32004 (base 5) in base 14?
ac1
-223 (base 12) to base 16
-13b
-848b (base 13) to base 15
-5697
What is -36b0 (base 15) in base 3?
-120222010
-2792 (base 10) to base 2
-101011101000
What is -101100101 (base 2) in base 11?
-2a5
Convert -a973 (base 13) to base 15.
-6ec5
Convert -1a2 (base 14) to base 6.
-1322
7100 (base 14) to base 7
110400
Convert -2b (base 13) to base 4.
-211
Convert -101001021 (base 3) to base 7.
-30232
What is 819 (base 10) in base 15?
399
7192 (base 12) to base 9
17842
-1044444 (base 5) to base 16
-493d
Convert a77 (base 14) to base 2.
100000010001
What is -140a3 (base 11) in base 10?
-20078
-c245 (base 15) to base 12
-1b89b
What is 691 (base 10) in base 4?
22303
What is 507 (base 10) in base 4?
13323
1421 (base 6) to base 15
19d
Convert 54664 (base 9) to base 13.
13678
-1320122 (base 5) to base 12
-13267
1045 (base 6) to base 9
302
2312221 (base 4) to base 9
17027
What is -756 (base 8) in base 2?
-111101110
11257 (base 12) to base 6
253351
What is 4035 (base 11) in base 16?
14f2
Convert -712 (base 13) to base 8.
-2256
-2002100 (base 3) to base 13
-900
What is -27075 (base 8) in base 3?
-121020102
Convert 1000111111100 (base 2) to base 14.
196c
Convert -411 (base 5) to base 7.
-211
Convert -5114 (base 6) to base 7.
-3166
What is -110110011 (base 2) in base 8?
-663
100230 (base 4) to base 10
1068
-45518 (base 11) to base 9
-110278
Convert -132535 (base 7) to base 6.
-311331
Convert 3233031 (base 4) to base 5.
442214
What is 1310 (base 7) in base 8?
761
14 (base 10) to base 12
12
What is b2c3 (base 16) in base 15?
d85d
What is -20112 (base 3) in base 9?
-215
What is 3a (base 16) in base 15?
3d
Convert -adc5 (base 16) to base 9.
-67017
2341 (base 5) to base 8
532
What is -a089 (base 14) in base 6?
-331333
-1100011001 (base 2) to base 7
-2212
-4733 (base 8) to base 3
-10110110
Convert 320323 (base 5) to base 15.
3293
Convert 29b4 (base 12) to base 3.
20201001
1101111100 (base 2) to base 11
741
Convert -1002021112 (base 3) to base 6.
-242452
-24062 (base 7) to base 6
-44442
What is -19c (base 14) in base 5?
-2314
-bb6 (base 15) to base 11
-1a96
What is 53897 (base 10) in base 13?
1b6bc
What is 20020 (base 3) in base 7?
330
6274 (base 12) to base 3
112201221
What is 1981 (base 12) in base 6?
22241
What is 45b (base 14) in base 15?
3ca
Convert -6082 (base 15) to base 11.
-14340
Convert 252400 (base 6) to base 7.
122625
10001111010 (base 2) to base 12
7b6
What is 37590 (base 10) in base 3?
1220120020
Convert -1122121 (base 4) to base 16.
-1699
220320 (base 4) to base 11
1a69
8084 (base 10) to base 5
224314
-2410302 (base 5) to base 16
-ada4
Convert 143216 (base 7) to base 12.
13b3b
-110100 (base 3) to base 15
-173
What is 1100001011 (base 2) in base 9?
1055
Convert 8610 (base 11) to base 6.
124413
204245 (base 7) to base 8
104455
-2696 (base 15) to base 7
-33012
-1202 (base 3) to base 2
-101111
What is -8040 (base 10) in base 7?
-32304
41a0 (base 13) to base 16
237f
-11306 (base 7) to base 3
-10222022
What is 1404 (base 7) in base 12?
393
524 (base 9) to base 15
1d7
What is -1031101 (base 5) in base 3?
-220012202
What is 112002 (base 3) in base 9?
462
Convert -13 (base 7) to base 11.
-a
What is -2dc (base 15) in base 7?
-1626
Convert -12 (base 8) to base 14.
-a
Convert -2166 (base 13) to base 4.
-1020213
Convert -331 (base 13) to base 15.
-267
Convert 1011212 (base 3) to base 6.
3552
What is -13333 (base 6) in base 4?
-200121
Convert -18a6 (base 12) to base 11.
-2293
-168 (base 9) to base 14
-a3
What is -350 (base 15) in base 6?
-3250
What is -2925 (base 10) in base 3?
-11000100
What is 110100111000 (base 2) in base 8?
6470
Convert -489 (base 10) to base 13.
-2b8
10368 (base 13) to base 4
13013202
Convert -1044 (base 12) to base 13.
-a6c
Convert -1201 (base 5) to base 13.
-107
Convert -b20 (base 16) to base 9.
-3814
What is 1371 (base 9) in base 3?
1102101
Convert 8787 (base 11) to base 3.
120220021
657 (base 11) to base 16
314
Convert 2332120 (base 4) to base 16.
2f98
What is 1798 (base 12) in base 15?
ca2
10030 (base 5) to base 16
280
Convert 612 (base 8) to base 13.
244
What is -46666 (base 8) in base 4?
-10312312
-13706 (base 8) to base 3
-22100102
Convert -829 (base 12) to base 9.
-1556
Convert 3553 (base 11) to base 12.
2840
What is -216 (base 15) in base 7?
-1242
What is 3949 (base 14) in base 4?
2131031
167 (base 9) to base 7
262
-3382 (base 12) to base 15
-1a5e
Convert 1022021 (base 3) to base 15.
437
What is -14 (base 11) in base 8?
-17
-3a03 (base 11) to base 12
-301a
Convert 105606 (base 7) to base 12.
aa86
3818 (base 10) to base 2
111011101010
11101110110 (base 2) to base 7
5366
What is 1201133 (base 4) in base 2?
1100001011111
-11100111 (base 2) to base 7
-450
Convert 72624 (base 8) to base 2.
111010110010100
What is -14153 (base 6) in base 15?
-9d9
Convert -3410 (base 7) to base 15.
-572
Convert 7900 (base 12) to base 11.
a075
Convert -55304 (base 8) to base 12.
-11544
111001101000 (base 2) to base 12
2174
Convert 7857 (base 11) to base 12.
5ba3
Convert -10021 (base 4) to base 10.
-265
What is 50341 (base 7) in base 11?
9174
Convert 36107 (base 8) to base 15.
488b
What is 95f (base 16) in base 3?
10021212
What is 1606 (base 7) in base 11?
535
Convert -3304 (base 9) to base 7.
-10045
a84 (base 16) to base 3
10200201
-312142 (base 5) to base 9
-15111
28103 (base 10) to base 9
42485
Convert -7b6 (base 15) to base 10.
-1746
235 (base 12) to base 4
11021
-7337 (base 10) to base 12
-42b5
What is 11130 (base 4) in base 3?
110220
What is -202204 (base 5) in base 10?
-6554
What is c870 (base 13) in base 3?
1102010220
Convert -2308 (base 12) to base 14.
-15c4
c69 (base 13) to base 4
201003
101110001011 (base 2) to base 15
d20
What is -10111010100111 (base 2) in base 9?
-17340
What is -14401 (base 5) in base 16?
-4ca
-27233 (base 10) to base 3
-1101100122
-37c0 (base 13) to base 9
-11781
25626 (base 9) to base 10
17277
Convert -242 (base 10) to base 12.
-182
What is -452 (base 10) in base 4?
-13010
What is 8068 (base 9) in base 7?
23120
-142 (base 14) to base 4
-3332
What is 20b (base 15) in base 11?
38a
What is -1101101100 (base 2) in base 9?
-1173
-1020 (base 10) to base 13
-606
-13457 (base 14) to base 12
-235b1
Convert -46143 (base 7) to base 10.
-11742
What is 15475 (base 9) in base 12?
6172
Convert -212311 (base 5) to base 9.
-10786
Convert -62500 (base 8) to base 2.
-110010101000000
3321 (base 8) to base 14
8c9
210535 (base 6) to base 13
79b8
143003 (base 6) to base 7
54453
What is 110000010010 (base 2) in base 13?
1539
What is 490 (base 11) in base 9?
717
Convert -42 (base 14) to base 13.
-46
Convert -11064 (base 7) to base 6.
-20530
What is 955 (base 10) in base 5?
12310
2103442 (base 5) to base 11
24222
What is -3244 (base 5) in base 3?
-121122
-1808 (base 10) to base 13
-a91
Convert -13302 (base 4) to base 12.
-356
What is 12a (base 15) in base 12?
1a1
3111333 (base 4) to base 15
40d0
What is 30048 (base 9) in base 14?
7291
What is -201413 (base 5) in base 7?
-24621
Convert -8044 (base 9) to base 3.
-22001111
Convert 100 (base 8) to base 3.
2101
-3d6b (base 14) to base 3
-112220210
-453a (base 12) to base 7
-31246
What is -1558 (base 9) in base 12